emainder when 340 is divided by (-3 - -6) + (a - 6 - -1)?
10
Let l be 6/(-7)*(-28)/8. Suppose 43*z - 41 = 41*z - 3*b, 4*z - 37 = l*b. What is the remainder when 109 is divided by z?
5
Suppose -4*u = -28, -10*a - 5*u = -5*a - 1325. What is the remainder when a is divided by 6?
0
What is the remainder when 472 is divided by (4000/(-96))/(5/(-54))?
22
Suppose 0 = 4*h - 2630 - 150. Let s = -683 + h. What is the remainder when 41 is divided by s?
5
Let i(r) = r**2 - 28*r + 148. Calculate the remainder when 136 is divided by i(25).
63
Let i = -195 + 168. Calculate the remainder when 130 is divided by (6/8)/(i/(-180)) - -2.
4
Let s = 555 - 553. Suppose -y + 59 = s*y - 5*l, 18 = 2*y + 2*l. Calculate the remainder when 77 is divided by y.
12
Let d = 2914 - 2796. What is the remainder when d is divided by 73?
45
Let a(z) = 372*z + 1491. Calculate the remainder when 105 is divided by a(-4).
0
Let n = -689 - -404. Let u = n - -292. Calculate the remainder when 18 is divided by u.
4
Let b = 4940 - 4901. What is the remainder when 271 is divided by b?
37
Suppose 0*x = -4*x + 548. Let q(s) = 5*s - 25. Let m be q(6). Suppose m*b - 185 = 5*f, 2*f + 0*f - 66 = -2*b. Calculate the remainder when x is divided by b.
32
Suppose 0*b = -b + 5. Let p(c) = -101*c + 8*c**2 + 61*c + 30*c - c**3 + 17. Calculate the remainder when p(b) is divided by 22.
20
Let k be (-143)/(-91) + (-6)/(-14). Suppose 5*q - k*q = 42. Let d = 72 + -47. What is the remainder when d is divided by q?
11
Let h(d) = -76*d - 10. Suppose -1 = 6*q - 19. What is the remainder when h(-1) is divided by 41/q - (-2)/6?
10
Let l(r) = -66*r - 964. Calculate the remainder when 3405 is divided by l(-15).
25
Let d(t) = -4*t**3 + 42*t**2 - 6*t - 17. Let j be d(10). Suppose j = 3*m - 3*o, -4*o - 36 + 268 = 5*m. Calculate the remainder when 171 is divided by m.
39
Let h = -13723 + 16561. What is the remainder when h is divided by 150?
138
Let s = -16 - -17. Let q(t) = 3*t**3 + 2*t**2 - t - 1. Let k be q(s). Suppose -36 = -k*r - r. Calculate the remainder when 17 is divided by r.
8
Suppose -16*f = 3*y - 21*f - 1205, y - 2*f = 402. Calculate the remainder when y is divided by 52.
36
Let w(x) = 3*x**3 - 12 - 5*x + 6*x**2 - 4*x**3 + 2*x**2 + 4. Let q be w(7). Let i(z) = -z**2 + 8*z. What is the remainder when 45 is divided by i(q)?
9
Let i be 1/(-4) - (10/(-8) + 1). Suppose i = -3*d - 5*y + 165, d - 7 - 48 = -5*y. What is the remainder when d is divided by 29?
26
Suppose -4*q = 83 + 73. Let v = -36 - q. Suppose -2*l + 66 = -v*h, -2*h + 1 = -3. Calculate the remainder when 141 is divided by l.
33
Let b(c) = -14*c + 4. Suppose 19*m + 10 = -9. What is the remainder when 24 is divided by b(m)?
6
Let c(j) = -j**3 - 10*j**2 + 20*j - 16. Let d be c(-9). What is the remainder when -6 + (-1)/(1/d*1) is divided by 56?
47
Suppose 9*m + 90 = -9*m. Let q(b) = b**2 - 8*b - 49. Suppose 4*n + n + 5*y - 330 = 0, 2*y + 309 = 5*n. What is the remainder when n is divided by q(m)?
15
Suppose 1747*o = 1752*o - 2230. What is the remainder when o is divided by 58?
40
Suppose -5*i + 3 = -42. Suppose 14 = y + i. Suppose 4*v + v - 3*f - 90 = 0, 70 = y*v + f. What is the remainder when 59 is divided by v?
14
Suppose -4*s + 8 - 236 = -3*p, 86 = p + 2*s. Suppose 10*w = 14*w - p. Let u(g) = 10*g - 309. Calculate the remainder when w is divided by u(32).
9
Let k(m) = -m**3 - 13*m**2 - 12*m + 8. Let n(j) = 2*j**3 + 5*j**2 - 7*j - 4. Let l be n(-5). Let b = l + 82. What is the remainder when k(b) is divided by 7?
1
Suppose -p = 2*g, g - 148*p + 152*p = -28. Let o be (-1)/2*(-14 + 2). Suppose -3*a + o = -6. Calculate the remainder when a is divided by g.
0
Let r(o) be the second derivative of -o**4/6 + 61*o**3/6 + o**2/2 + 3*o + 2. Calculate the remainder when r(29) is divided by 23.
19
Suppose -26*t + 503 + 173 = 0. Let i be 2*2/(-8)*0. Suppose 9*l - 7*l - t = i. What is the remainder when l is divided by 7?
6
Let s(w) = -3*w - 3*w + 4*w + 14. Suppose 0 = 2*g - 46 - 8. Calculate the remainder when g is divided by s(0).
13
Suppose 0*v = -3*v + 336. Suppose -16*l + 15*l + 5 = 0. Calculate the remainder when v is divided by 1*-1*((-70)/l - 9).
20
Suppose 0 = -4*t + 123 + 45. Suppose 0 = -5*f - 8*s + 12*s + 1053, 0 = 3*f - 4*s - 635. What is the remainder when f is divided by t?
41
Let z(l) = l**3 - 10*l**2 + 48*l - 110. What is the remainder when 222 is divided by z(7)?
64
Let f = 83 - 56. Suppose 20*b + 1794 = 2254. Calculate the remainder when f is divided by b.
4
Let h(l) = -32 + l + 28 + 31. Suppose -3*f - 5*w + 2*w = -54, f = 3*w + 26. Calculate the remainder when h(11) is divided by f.
18
Let h = 1347 - 1110. What is the remainder when h is divided by 7?
6
Suppose -2*p - 813 + 2453 = 0. Let x = -813 + p. Calculate the remainder when x is divided by 4.
3
Suppose 5*g + 2*l = 100, l + 3*l = -5*g + 90. Suppose g*t = 28*t - 54. Calculate the remainder when 97 is divided by t.
7
What is the remainder when 5/(10/18)*(17622/81 - 16) is divided by 48?
38
Let k = 16554 + -13895. Calculate the remainder when k is divided by 661.
15
Suppose -x - 17 = -10. Let l(y) = -10*y - 38. What is the remainder when l(x) is divided by 6?
2
Let s be (-4 + 0 - -5) + -166 + 4. Let p = s - -244. Calculate the remainder when p is divided by (-34)/(-6)*(4 - 1).
15
Let a = -275 - -282. Suppose -v + 35 = d, 2*v = 5*d - a + 112. What is the remainder when 148 is divided by v?
28
Suppose -60 = 4*b - 72. Suppose -2*v + 7*v - 4*u - 562 = 0, 3*v - b*u - 336 = 0. Calculate the remainder when v is divided by 24.
18
Suppose -2*z + 5*w - 1 = -z, -4*z - 3*w + 42 = 0. Let u(i) = -3*i - 2*i**2 + 12*i + 4*i**2. Calculate the remainder when u(-7) is divided by z.
8
Suppose -3*x + 343 = z, 0 = -4*x - 3*z - 2*z + 439. Let r = -93 + x. Suppose 25*v = r*v + 198. Calculate the remainder when v is divided by 25.
24
Suppose 0 = -14*r + 13*r + 3. Let w = -9 + 15. What is the remainder when (8 - (7 - r))*(2 + 2) is divided by w?
4
Suppose -447 = -r - 2*r. Calculate the remainder when r is divided by (2 + -17)*2680/(-804).
49
Let d = 4622 + -4041. Calculate the remainder when d is divided by 22.
9
Suppose -3730 = -1521*z + 1475*z + 20650. Calculate the remainder when z is divided by 290.
240
Let f = -497 + 619. Let c(a) = 12*a - 43. What is the remainder when f is divided by c(7)?
40
Suppose 5*c - 73 = -o, 0 = 2*c - 0*c - 5*o - 13. Let i be 3/(6/(-8)) - -73. Let w = -65 + i. Calculate the remainder when c is divided by w.
2
Let a(s) = 3*s**2 - 10*s - 27. Let x be (-1288)/(-20) - (-6)/(-15). Suppose -x = -4*v + 2*v. Calculate the remainder when a(9) is divided by v.
30
Suppose 0 = -2*g - 0*a - 3*a + 246, -a = 5*g - 602. Calculate the remainder when 419 is divided by g.
59
Suppose -407 = -32*z + 1161. Calculate the remainder when 698 is divided by z.
12
Suppose -56*s + 43133 - 6838 = 5*s. Calculate the remainder when s is divided by 292.
11
Suppose -r + 20 = r. Let d = 76 + -2. What is the remainder when d is divided by r?
4
Suppose 5*g + 733 = 2*m + 627, m - 49 = 2*g. Suppose 4*w = w - 3*r + 69, 5*w - 4*r = 88. Calculate the remainder when m is divided by w.
13
Let b(v) = v**2 + v + 320. Suppose -5*r - 10 = 4*c - 226, 3*r = -4*c + 216. Calculate the remainder when b(0) is divided by c.
50
Let u = -1060 + 1094. What is the remainder when 208 is divided by u?
4
Let k(d) = -d**3 + 78*d + 13. Suppose -16 = 2*a + q, 4*a = -5*q - 37 + 11. Calculate the remainder when 559 is divided by k(a).
39
Suppose -4*d - 2 = a, -7 = -5*a + d + 4. Let h = 84 - a. Calculate the remainder when h is divided by 14.
12
Let m(l) = -2*l**3 - 14*l**2 - 6*l - 32. Suppose i = 3, 2*c + 4*i = -0*c + 42. What is the remainder when m(-8) is divided by c?
9
What is the remainder when 395 is divided by ((-26)/(-52))/(3/(-1476)*-6)?
26
Suppose 1010*o + 2*r - 1064 = 1009*o, -10 = 5*r. What is the remainder when o is divided by 17?
14
Suppose 8*h - 9*h + 2*g = -2636, 0 = -5*g - 20. Calculate the remainder when h is divided by 28.
24
Suppose -6*d = -18 - 12. Let a = 66 + -47. Suppose 72 = -10*z + a*z. Calculate the remainder when z is divided by d.
3
Let c be ((-324)/(-15))/((-2)/(-180)*-3). Let r = 903 + c. What is the remainder when r is divided by 13?
8
Let j be (-120)/(-90) - (-8)/3. Suppose 3*d - 14 = a, j*a = 2*d - 0 + 4. What is t